{"id":20,"date":"2020-05-27T14:36:15","date_gmt":"2020-05-27T12:36:15","guid":{"rendered":"http:\/\/thorstenkruppaffiliatemarketing.com\/TKAffiliate\/?page_id=20"},"modified":"2021-02-17T15:20:08","modified_gmt":"2021-02-17T14:20:08","slug":"affiliate-marketing-fuer-jedermann","status":"publish","type":"page","link":"http:\/\/thorstenkruppaffiliatemarketing.com\/TKAffiliate\/","title":{"rendered":"Affiliate Marketing f\u00fcr Jedermann"},"content":{"rendered":"<h3 style=\"text-align: center;\"><span style=\"color: #2eb2ff;\"><em><strong>Affiliate Marketing f\u00fcr Jedermann<\/strong><\/em><\/span><\/h3>\n<h4 style=\"text-align: center;\"><span style=\"color: #808080;\"><strong>Hier findest du alle Informationen und Tools, um deinen Wunsch Online Geldverdienen wahr werden zu lassen<\/strong><\/span><\/h4>\n\n\n<hr class=\"wp-block-separator has-text-color has-background has-very-dark-gray-background-color has-very-dark-gray-color is-style-wide\"\/>\n\n\n<h3 style=\"text-align: center;\"><span style=\"color: #2eb2ff;\">Wie Du online Geld verdienen wirst!<\/span><\/h3>\n<p><img loading=\"lazy\" class=\"size-medium wp-image-430 aligncenter\" src=\"http:\/\/thorstenkruppaffiliatemarketing.com\/TKAffiliate\/wp-content\/uploads\/2020\/07\/pngfuel-removebg-preview-300x153.png\" alt=\"\" width=\"300\" height=\"153\" srcset=\"http:\/\/thorstenkruppaffiliatemarketing.com\/TKAffiliate\/wp-content\/uploads\/2020\/07\/pngfuel-removebg-preview-300x153.png 300w, http:\/\/thorstenkruppaffiliatemarketing.com\/TKAffiliate\/wp-content\/uploads\/2020\/07\/pngfuel-removebg-preview.png 699w\" sizes=\"(max-width: 300px) 100vw, 300px\" \/><\/p>\n\n\n<hr class=\"wp-block-separator has-text-color has-background has-very-dark-gray-background-color has-very-dark-gray-color is-style-wide\"\/>\n\n\n<h5><span style=\"color: #808080;\"><em><strong>Ich m\u00f6chte dir auf dieser Seite am Beispiel von Affiliate Marketing zeigen, wie du schnell, einfach und ohne Investitionskosten Online Geldverdienen kannst.&nbsp; Dar\u00fcber hinaus, wie du dein eigenes Online Business aufbaust und durch passives Einkommen deine finanzielle Freiheit erzielst.<\/strong><\/em><\/span><\/h5>\n<h5><span style=\"color: #808080;\"><em><strong>Zuerst lass mich einige Mythen ausr\u00e4umen.<\/strong><\/em><\/span><\/h5>\n<h5><span style=\"color: #808080;\"><em><strong>Hast du schon oft gedacht, dass Online Geldverdienen nur etwas f\u00fcr echte Profis oder speziell ausgebildete Leute ist? Kam dir ebenfalls oft in den Sinn, dass es eh nicht klappt und nur die Gro\u00dfen&nbsp; damit Geld verdienen k\u00f6nnen?<\/strong><\/em><\/span><\/h5>\n<h5><span style=\"color: #808080;\"><em><strong>Wenn JA, dann geht es dir genau wie mir. Ich habe immer gedacht, dass dies nur f\u00fcr einen kleinen Kreis von Menschen vorbehalten ist und dass ohne spezielle Ausbildung oder jahrelanges Training keine Chance im Online Business vorhanden ist.<\/strong><\/em><\/span><\/h5>\n<h5><span style=\"color: #808080;\"><em><strong>Ich kann dir aber mit bestem Gewissen sagen, dies ist FALSCH!<\/strong><\/em><\/span><\/h5>\n<h5><span style=\"color: #808080;\"><em><strong>Dennoch wirst du ohne Arbeit und Flei\u00df hier nicht erfolgreich sein. Wenn du hoffst \u00fcber Nacht reich zu werden, dann muss ich dich leider entt\u00e4uschen.<\/strong><\/em><\/span><\/h5>\n<h5><span style=\"color: #808080;\"><em><strong>Hier aber die GUTE Nachricht f\u00fcr dich!<\/strong><\/em><\/span><\/h5>\n<h5><span style=\"color: #808080;\"><em><strong>Wenn du bereit bist etwas Arbeit und Hingabe in deine finanzielle Freiheit zu investieren, dann steht deinem Wunsch, Online Geldverdienen, nichts im Weg \u2013 das garantiere ich dir.<\/strong><\/em><\/span><\/h5>\n<h5><span style=\"color: #808080;\"><em><strong>Damit dir die Erreichung deines Ziels leichter f\u00e4llt, habe ich extra f\u00fcr dich alle notwendigen Informationen auf dieser Seite zusammengestellt.<\/strong><\/em><\/span><\/h5>\n<h5><span style=\"color: #808080;\"><em><strong>Lass uns loslegen!<\/strong><\/em><\/span><\/h5>\n\n\n<hr class=\"wp-block-separator has-text-color has-background has-very-dark-gray-background-color has-very-dark-gray-color is-style-wide\"\/>\n\n\n<h5><span style=\"color: #808080;\">Die Idee f\u00fcr Dein Business<\/span><\/h5>\n<h4><span style=\"color: #2eb2ff;\"><em><strong>Affiliate Marketing<\/strong><\/em><\/span><\/h4>\n<h5><span style=\"color: #808080;\">Was damit gemeint ist und wie Du das f\u00fcr Dich nutzen kannst, zeige ich Dir auf den n\u00e4chsten Seiten, in meinen Beitr\u00e4gen.<\/span><\/h5>\n\n\n<hr class=\"wp-block-separator is-style-wide\"\/>\n","protected":false},"excerpt":{"rendered":"<p>Affiliate Marketing f\u00fcr Jedermann Hier findest du alle Informationen und Tools, um deinen Wunsch Online Geldverdienen wahr werden zu lassen Wie Du online Geld verdienen wirst! Ich m\u00f6chte dir auf dieser Seite am Beispiel von Affiliate Marketing zeigen, wie du schnell, einfach und ohne Investitionskosten Online Geldverdienen kannst.&nbsp; Dar\u00fcber hinaus, wie du dein eigenes Online [&hellip;]<\/p>\n","protected":false},"author":1,"featured_media":0,"parent":0,"menu_order":0,"comment_status":"closed","ping_status":"closed","template":"","meta":[],"_links":{"self":[{"href":"http:\/\/thorstenkruppaffiliatemarketing.com\/TKAffiliate\/wp-json\/wp\/v2\/pages\/20"}],"collection":[{"href":"http:\/\/thorstenkruppaffiliatemarketing.com\/TKAffiliate\/wp-json\/wp\/v2\/pages"}],"about":[{"href":"http:\/\/thorstenkruppaffiliatemarketing.com\/TKAffiliate\/wp-json\/wp\/v2\/types\/page"}],"author":[{"embeddable":true,"href":"http:\/\/thorstenkruppaffiliatemarketing.com\/TKAffiliate\/wp-json\/wp\/v2\/users\/1"}],"replies":[{"embeddable":true,"href":"http:\/\/thorstenkruppaffiliatemarketing.com\/TKAffiliate\/wp-json\/wp\/v2\/comments?post=20"}],"version-history":[{"count":10,"href":"http:\/\/thorstenkruppaffiliatemarketing.com\/TKAffiliate\/wp-json\/wp\/v2\/pages\/20\/revisions"}],"predecessor-version":[{"id":677,"href":"http:\/\/thorstenkruppaffiliatemarketing.com\/TKAffiliate\/wp-json\/wp\/v2\/pages\/20\/revisions\/677"}],"wp:attachment":[{"href":"http:\/\/thorstenkruppaffiliatemarketing.com\/TKAffiliate\/wp-json\/wp\/v2\/media?parent=20"}],"curies":[{"name":"wp","href":"https:\/\/api.w.org\/{rel}","templated":true}]}}